{"id":15850,"date":"2026-01-15T09:56:44","date_gmt":"2026-01-15T09:56:44","guid":{"rendered":"https:\/\/didacweb.shop\/cedic2026\/?page_id=15850"},"modified":"2026-01-19T15:27:17","modified_gmt":"2026-01-19T14:27:17","slug":"galeries-videos","status":"publish","type":"page","link":"https:\/\/didacweb.shop\/cedic2026\/galeries-videos\/","title":{"rendered":"Galeries Vid\u00e9os"},"content":{"rendered":"\t\t<div data-elementor-type=\"wp-page\" data-elementor-id=\"15850\" class=\"elementor elementor-15850\">\n\t\t\t\t<div class=\"elementor-element elementor-element-a89d76d e-flex e-con-boxed rt-default-class e-con e-parent\" data-id=\"a89d76d\" data-element_type=\"container\">\n\t\t\t\t\t<div class=\"e-con-inner\">\n\t\t<div class=\"elementor-element elementor-element-6b8f94d e-grid e-con-full rt-default-class e-con e-child\" data-id=\"6b8f94d\" data-element_type=\"container\">\n\t\t\t\t<div class=\"elementor-element elementor-element-8225c66 rt-default-class elementor-widget elementor-widget-video\" data-id=\"8225c66\" data-element_type=\"widget\" data-settings=\"{&quot;video_type&quot;:&quot;hosted&quot;,&quot;controls&quot;:&quot;yes&quot;}\" data-widget_type=\"video.default\">\n\t\t\t\t\t\t\t<div class=\"e-hosted-video elementor-wrapper elementor-open-inline\">\n\t\t\t\t\t<video class=\"elementor-video\" src=\"https:\/\/didacweb.shop\/cedic2026\/wp-content\/uploads\/2026\/01\/Travaux-de-refection-de-la-salle-du-CEDIC.mp4\" controls=\"\" preload=\"metadata\" controlsList=\"nodownload\"><\/video>\n\t\t\t\t<\/div>\n\t\t\t\t\t\t<\/div>\n\t\t\t\t<div class=\"elementor-element elementor-element-335867f rt-default-class elementor-widget elementor-widget-video\" data-id=\"335867f\" data-element_type=\"widget\" data-settings=\"{&quot;video_type&quot;:&quot;hosted&quot;,&quot;controls&quot;:&quot;yes&quot;}\" data-widget_type=\"video.default\">\n\t\t\t\t\t\t\t<div class=\"e-hosted-video elementor-wrapper elementor-open-inline\">\n\t\t\t\t\t<video class=\"elementor-video\" src=\"https:\/\/didacweb.shop\/cedic2026\/wp-content\/uploads\/2026\/01\/Ceremonie-de-signature-de-partenariat.mp4\" controls=\"\" preload=\"metadata\" controlsList=\"nodownload\"><\/video>\n\t\t\t\t<\/div>\n\t\t\t\t\t\t<\/div>\n\t\t\t\t<div class=\"elementor-element elementor-element-13730d9 rt-default-class elementor-widget elementor-widget-video\" data-id=\"13730d9\" data-element_type=\"widget\" data-settings=\"{&quot;video_type&quot;:&quot;hosted&quot;,&quot;controls&quot;:&quot;yes&quot;}\" data-widget_type=\"video.default\">\n\t\t\t\t\t\t\t<div class=\"e-hosted-video elementor-wrapper elementor-open-inline\">\n\t\t\t\t\t<video class=\"elementor-video\" src=\"https:\/\/didacweb.shop\/cedic2026\/wp-content\/uploads\/2026\/01\/Interview-apres-signature-de-partenariat-avec-CICR.mp4\" controls=\"\" preload=\"metadata\" controlsList=\"nodownload\"><\/video>\n\t\t\t\t<\/div>\n\t\t\t\t\t\t<\/div>\n\t\t\t\t<div class=\"elementor-element elementor-element-692db29 rt-default-class elementor-widget elementor-widget-video\" data-id=\"692db29\" data-element_type=\"widget\" data-settings=\"{&quot;video_type&quot;:&quot;hosted&quot;,&quot;controls&quot;:&quot;yes&quot;}\" data-widget_type=\"video.default\">\n\t\t\t\t\t\t\t<div class=\"e-hosted-video elementor-wrapper elementor-open-inline\">\n\t\t\t\t\t<video class=\"elementor-video\" src=\"https:\/\/didacweb.shop\/cedic2026\/wp-content\/uploads\/2026\/01\/Ceremonies-de-signature-de-convention-de-partenariat.mp4\" controls=\"\" preload=\"metadata\" controlsList=\"nodownload\"><\/video>\n\t\t\t\t<\/div>\n\t\t\t\t\t\t<\/div>\n\t\t\t\t<div class=\"elementor-element elementor-element-d28e3ef rt-default-class elementor-widget elementor-widget-video\" data-id=\"d28e3ef\" data-element_type=\"widget\" data-settings=\"{&quot;video_type&quot;:&quot;hosted&quot;,&quot;controls&quot;:&quot;yes&quot;}\" data-widget_type=\"video.default\">\n\t\t\t\t\t\t\t<div class=\"e-hosted-video elementor-wrapper elementor-open-inline\">\n\t\t\t\t\t<video class=\"elementor-video\" src=\"https:\/\/didacweb.shop\/cedic2026\/wp-content\/uploads\/2026\/01\/Interview-apres-signature-de-partenariat-avec-CICR.mp4\" controls=\"\" preload=\"metadata\" controlsList=\"nodownload\"><\/video>\n\t\t\t\t<\/div>\n\t\t\t\t\t\t<\/div>\n\t\t\t\t<div class=\"elementor-element elementor-element-14c4c69 rt-default-class elementor-widget elementor-widget-video\" data-id=\"14c4c69\" data-element_type=\"widget\" data-settings=\"{&quot;video_type&quot;:&quot;hosted&quot;,&quot;controls&quot;:&quot;yes&quot;}\" data-widget_type=\"video.default\">\n\t\t\t\t\t\t\t<div class=\"e-hosted-video elementor-wrapper elementor-open-inline\">\n\t\t\t\t\t<video class=\"elementor-video\" src=\"https:\/\/didacweb.shop\/cedic2026\/wp-content\/uploads\/2026\/01\/Travaux-de-refection-de-la-salle-du-CEDIC.mp4\" controls=\"\" preload=\"metadata\" controlsList=\"nodownload\"><\/video>\n\t\t\t\t<\/div>\n\t\t\t\t\t\t<\/div>\n\t\t\t\t<\/div>\n\t\t\t\t\t<\/div>\n\t\t\t\t<\/div>\n\t\t\t\t<\/div>\n\t\t","protected":false},"excerpt":{"rendered":"<p>https:\/\/didacweb.shop\/cedic2026\/wp-content\/uploads\/2026\/01\/Travaux-de-refection-de-la-salle-du-CEDIC.mp4https:\/\/didacweb.shop\/cedic2026\/wp-content\/uploads\/2026\/01\/Ceremonie-de-signature-de-partenariat.mp4https:\/\/didacweb.shop\/cedic2026\/wp-content\/uploads\/2026\/01\/Interview-apres-signature-de-partenariat-avec-CICR.mp4https:\/\/didacweb.shop\/cedic2026\/wp-content\/uploads\/2026\/01\/Ceremonies-de-signature-de-convention-de-partenariat.mp4https:\/\/didacweb.shop\/cedic2026\/wp-content\/uploads\/2026\/01\/Interview-apres-signature-de-partenariat-avec-CICR.mp4https:\/\/didacweb.shop\/cedic2026\/wp-content\/uploads\/2026\/01\/Travaux-de-refection-de-la-salle-du-CEDIC.mp4<\/p>\n","protected":false},"author":1,"featured_media":0,"parent":0,"menu_order":0,"comment_status":"closed","ping_status":"closed","template":"elementor_header_footer","meta":{"footnotes":""},"class_list":["post-15850","page","type-page","status-publish","hentry"],"yoast_head":"<!-- This site is optimized with the Yoast SEO plugin v26.7 - https:\/\/yoast.com\/wordpress\/plugins\/seo\/ -->\n<title>Galeries Vid\u00e9os - CEDIC<\/title>\n<meta name=\"description\" content=\"Acc\u00e9dez aux galeries vid\u00e9os du CEDIC et revivez conf\u00e9rences, formations et \u00e9v\u00e8nements en droit international.\" \/>\n<meta name=\"robots\" content=\"index, follow, max-snippet:-1, max-image-preview:large, max-video-preview:-1\" \/>\n<link rel=\"canonical\" href=\"https:\/\/didacweb.shop\/cedic2026\/galeries-videos\/\" \/>\n<meta property=\"og:locale\" content=\"fr_FR\" \/>\n<meta property=\"og:type\" content=\"article\" \/>\n<meta property=\"og:title\" content=\"Galeries Vid\u00e9os - CEDIC\" \/>\n<meta property=\"og:description\" content=\"Acc\u00e9dez aux galeries vid\u00e9os du CEDIC et revivez conf\u00e9rences, formations et \u00e9v\u00e8nements en droit international.\" \/>\n<meta property=\"og:url\" content=\"https:\/\/didacweb.shop\/cedic2026\/galeries-videos\/\" \/>\n<meta property=\"og:site_name\" content=\"CEDIC\" \/>\n<meta property=\"article:modified_time\" content=\"2026-01-19T14:27:17+00:00\" \/>\n<meta name=\"twitter:card\" content=\"summary_large_image\" \/>\n<meta name=\"twitter:label1\" content=\"Dur\u00e9e de lecture estim\u00e9e\" \/>\n\t<meta name=\"twitter:data1\" content=\"1 minute\" \/>\n<script type=\"application\/ld+json\" class=\"yoast-schema-graph\">{\"@context\":\"https:\/\/schema.org\",\"@graph\":[{\"@type\":\"WebPage\",\"@id\":\"https:\/\/didacweb.shop\/cedic2026\/galeries-videos\/\",\"url\":\"https:\/\/didacweb.shop\/cedic2026\/galeries-videos\/\",\"name\":\"Galeries Vid\u00e9os - CEDIC\",\"isPartOf\":{\"@id\":\"https:\/\/didacweb.shop\/cedic2026\/#website\"},\"datePublished\":\"2026-01-15T09:56:44+00:00\",\"dateModified\":\"2026-01-19T14:27:17+00:00\",\"description\":\"Acc\u00e9dez aux galeries vid\u00e9os du CEDIC et revivez conf\u00e9rences, formations et \u00e9v\u00e8nements en droit international.\",\"breadcrumb\":{\"@id\":\"https:\/\/didacweb.shop\/cedic2026\/galeries-videos\/#breadcrumb\"},\"inLanguage\":\"fr-FR\",\"potentialAction\":[{\"@type\":\"ReadAction\",\"target\":[\"https:\/\/didacweb.shop\/cedic2026\/galeries-videos\/\"]}]},{\"@type\":\"BreadcrumbList\",\"@id\":\"https:\/\/didacweb.shop\/cedic2026\/galeries-videos\/#breadcrumb\",\"itemListElement\":[{\"@type\":\"ListItem\",\"position\":1,\"name\":\"Accueil\",\"item\":\"https:\/\/didacweb.shop\/cedic2026\/\"},{\"@type\":\"ListItem\",\"position\":2,\"name\":\"Galeries Vid\u00e9os\"}]},{\"@type\":\"WebSite\",\"@id\":\"https:\/\/didacweb.shop\/cedic2026\/#website\",\"url\":\"https:\/\/didacweb.shop\/cedic2026\/\",\"name\":\"CEDIC\",\"description\":\"Centre d&#039;\u00c9tude et de Recherche de Droit International et Communautaire\",\"publisher\":{\"@id\":\"https:\/\/didacweb.shop\/cedic2026\/#organization\"},\"potentialAction\":[{\"@type\":\"SearchAction\",\"target\":{\"@type\":\"EntryPoint\",\"urlTemplate\":\"https:\/\/didacweb.shop\/cedic2026\/?s={search_term_string}\"},\"query-input\":{\"@type\":\"PropertyValueSpecification\",\"valueRequired\":true,\"valueName\":\"search_term_string\"}}],\"inLanguage\":\"fr-FR\"},{\"@type\":\"Organization\",\"@id\":\"https:\/\/didacweb.shop\/cedic2026\/#organization\",\"name\":\"CEDIC\",\"url\":\"https:\/\/didacweb.shop\/cedic2026\/\",\"logo\":{\"@type\":\"ImageObject\",\"inLanguage\":\"fr-FR\",\"@id\":\"https:\/\/didacweb.shop\/cedic2026\/#\/schema\/logo\/image\/\",\"url\":\"https:\/\/didacweb.shop\/cedic2026\/wp-content\/uploads\/2024\/08\/cropped-Logo-cedic1.png\",\"contentUrl\":\"https:\/\/didacweb.shop\/cedic2026\/wp-content\/uploads\/2024\/08\/cropped-Logo-cedic1.png\",\"width\":250,\"height\":250,\"caption\":\"CEDIC\"},\"image\":{\"@id\":\"https:\/\/didacweb.shop\/cedic2026\/#\/schema\/logo\/image\/\"}}]}<\/script>\n<!-- \/ Yoast SEO plugin. -->","yoast_head_json":{"title":"Galeries Vid\u00e9os - CEDIC","description":"Acc\u00e9dez aux galeries vid\u00e9os du CEDIC et revivez conf\u00e9rences, formations et \u00e9v\u00e8nements en droit international.","robots":{"index":"index","follow":"follow","max-snippet":"max-snippet:-1","max-image-preview":"max-image-preview:large","max-video-preview":"max-video-preview:-1"},"canonical":"https:\/\/didacweb.shop\/cedic2026\/galeries-videos\/","og_locale":"fr_FR","og_type":"article","og_title":"Galeries Vid\u00e9os - CEDIC","og_description":"Acc\u00e9dez aux galeries vid\u00e9os du CEDIC et revivez conf\u00e9rences, formations et \u00e9v\u00e8nements en droit international.","og_url":"https:\/\/didacweb.shop\/cedic2026\/galeries-videos\/","og_site_name":"CEDIC","article_modified_time":"2026-01-19T14:27:17+00:00","twitter_card":"summary_large_image","twitter_misc":{"Dur\u00e9e de lecture estim\u00e9e":"1 minute"},"schema":{"@context":"https:\/\/schema.org","@graph":[{"@type":"WebPage","@id":"https:\/\/didacweb.shop\/cedic2026\/galeries-videos\/","url":"https:\/\/didacweb.shop\/cedic2026\/galeries-videos\/","name":"Galeries Vid\u00e9os - CEDIC","isPartOf":{"@id":"https:\/\/didacweb.shop\/cedic2026\/#website"},"datePublished":"2026-01-15T09:56:44+00:00","dateModified":"2026-01-19T14:27:17+00:00","description":"Acc\u00e9dez aux galeries vid\u00e9os du CEDIC et revivez conf\u00e9rences, formations et \u00e9v\u00e8nements en droit international.","breadcrumb":{"@id":"https:\/\/didacweb.shop\/cedic2026\/galeries-videos\/#breadcrumb"},"inLanguage":"fr-FR","potentialAction":[{"@type":"ReadAction","target":["https:\/\/didacweb.shop\/cedic2026\/galeries-videos\/"]}]},{"@type":"BreadcrumbList","@id":"https:\/\/didacweb.shop\/cedic2026\/galeries-videos\/#breadcrumb","itemListElement":[{"@type":"ListItem","position":1,"name":"Accueil","item":"https:\/\/didacweb.shop\/cedic2026\/"},{"@type":"ListItem","position":2,"name":"Galeries Vid\u00e9os"}]},{"@type":"WebSite","@id":"https:\/\/didacweb.shop\/cedic2026\/#website","url":"https:\/\/didacweb.shop\/cedic2026\/","name":"CEDIC","description":"Centre d&#039;\u00c9tude et de Recherche de Droit International et Communautaire","publisher":{"@id":"https:\/\/didacweb.shop\/cedic2026\/#organization"},"potentialAction":[{"@type":"SearchAction","target":{"@type":"EntryPoint","urlTemplate":"https:\/\/didacweb.shop\/cedic2026\/?s={search_term_string}"},"query-input":{"@type":"PropertyValueSpecification","valueRequired":true,"valueName":"search_term_string"}}],"inLanguage":"fr-FR"},{"@type":"Organization","@id":"https:\/\/didacweb.shop\/cedic2026\/#organization","name":"CEDIC","url":"https:\/\/didacweb.shop\/cedic2026\/","logo":{"@type":"ImageObject","inLanguage":"fr-FR","@id":"https:\/\/didacweb.shop\/cedic2026\/#\/schema\/logo\/image\/","url":"https:\/\/didacweb.shop\/cedic2026\/wp-content\/uploads\/2024\/08\/cropped-Logo-cedic1.png","contentUrl":"https:\/\/didacweb.shop\/cedic2026\/wp-content\/uploads\/2024\/08\/cropped-Logo-cedic1.png","width":250,"height":250,"caption":"CEDIC"},"image":{"@id":"https:\/\/didacweb.shop\/cedic2026\/#\/schema\/logo\/image\/"}}]}},"_links":{"self":[{"href":"https:\/\/didacweb.shop\/cedic2026\/wp-json\/wp\/v2\/pages\/15850","targetHints":{"allow":["GET"]}}],"collection":[{"href":"https:\/\/didacweb.shop\/cedic2026\/wp-json\/wp\/v2\/pages"}],"about":[{"href":"https:\/\/didacweb.shop\/cedic2026\/wp-json\/wp\/v2\/types\/page"}],"author":[{"embeddable":true,"href":"https:\/\/didacweb.shop\/cedic2026\/wp-json\/wp\/v2\/users\/1"}],"replies":[{"embeddable":true,"href":"https:\/\/didacweb.shop\/cedic2026\/wp-json\/wp\/v2\/comments?post=15850"}],"version-history":[{"count":10,"href":"https:\/\/didacweb.shop\/cedic2026\/wp-json\/wp\/v2\/pages\/15850\/revisions"}],"predecessor-version":[{"id":15908,"href":"https:\/\/didacweb.shop\/cedic2026\/wp-json\/wp\/v2\/pages\/15850\/revisions\/15908"}],"wp:attachment":[{"href":"https:\/\/didacweb.shop\/cedic2026\/wp-json\/wp\/v2\/media?parent=15850"}],"curies":[{"name":"wp","href":"https:\/\/api.w.org\/{rel}","templated":true}]}}